{"id":54,"date":"2024-05-17T08:43:09","date_gmt":"2024-05-17T06:43:09","guid":{"rendered":"https:\/\/www.ac-tronic.com\/?page_id=54"},"modified":"2024-05-17T11:46:59","modified_gmt":"2024-05-17T09:46:59","slug":"lentreprise","status":"publish","type":"page","link":"https:\/\/www.ac-tronic.com\/index.php\/lentreprise\/","title":{"rendered":"L&rsquo;entreprise"},"content":{"rendered":"\n<div class=\"wp-block-media-text is-stacked-on-mobile is-vertically-aligned-top\"><figure class=\"wp-block-media-text__media\"><img loading=\"lazy\" decoding=\"async\" width=\"1024\" height=\"575\" src=\"https:\/\/www.ac-tronic.com\/wp-content\/uploads\/2024\/05\/carte-1024x575.jpg\" alt=\"\" class=\"wp-image-65 size-full\" srcset=\"https:\/\/www.ac-tronic.com\/wp-content\/uploads\/2024\/05\/carte-1024x575.jpg 1024w, https:\/\/www.ac-tronic.com\/wp-content\/uploads\/2024\/05\/carte-300x169.jpg 300w, https:\/\/www.ac-tronic.com\/wp-content\/uploads\/2024\/05\/carte-768x432.jpg 768w, https:\/\/www.ac-tronic.com\/wp-content\/uploads\/2024\/05\/carte.jpg 1260w\" sizes=\"auto, (max-width: 1024px) 100vw, 1024px\" \/><\/figure><div class=\"wp-block-media-text__content\">\n<p>AC-TRONIC est une PME sp\u00e9cialis\u00e9e dans l&rsquo;assemblage de composants \u00e9lectroniques. Nous existons depuis 2009. Install\u00e9s au Nord Est de l&rsquo;Anjou, \u00e0 proximit\u00e9 de la Sarthe.<\/p>\n\n\n\n<p>Sp\u00e9cialis\u00e9s dans la sous-traitance, nous intervenons sur des projets en lien avec des industries exigeantes sur des crit\u00e8res qualit\u00e9. <\/p>\n\n\n\n<p>Nous sommes une entreprise \u00e0 taille humaine et \u00e0 votre service. Et en tant qu\u2019int\u00e9grateurs de composants \u00e9lectroniques, nous assemblons des cartes, fabriquons les c\u00e2ble, et mettons en \u0153uvre les int\u00e9grations. Nous travaillions en collaboration avec des fournisseurs pour assurer une int\u00e9gration pr\u00e9cise et fiable des assemblages r\u00e9alis\u00e9s par nos soins.<\/p>\n<\/div><\/div>\n\n\n\n<p>    <\/p>\n\n\n<div class=\"wp-block-image\">\n<figure class=\"aligncenter size-large\"><img loading=\"lazy\" decoding=\"async\" width=\"1024\" height=\"681\" src=\"https:\/\/www.ac-tronic.com\/wp-content\/uploads\/2024\/05\/facade-1024x681.jpg\" alt=\"\" class=\"wp-image-66\" srcset=\"https:\/\/www.ac-tronic.com\/wp-content\/uploads\/2024\/05\/facade-1024x681.jpg 1024w, https:\/\/www.ac-tronic.com\/wp-content\/uploads\/2024\/05\/facade-300x199.jpg 300w, https:\/\/www.ac-tronic.com\/wp-content\/uploads\/2024\/05\/facade-768x511.jpg 768w, https:\/\/www.ac-tronic.com\/wp-content\/uploads\/2024\/05\/facade-1536x1021.jpg 1536w, https:\/\/www.ac-tronic.com\/wp-content\/uploads\/2024\/05\/facade-2048x1362.jpg 2048w\" sizes=\"auto, (max-width: 1024px) 100vw, 1024px\" \/><\/figure>\n<\/div>","protected":false},"excerpt":{"rendered":"<p>AC-TRONIC est une PME sp\u00e9cialis\u00e9e dans l&rsquo;assemblage de composants \u00e9lectroniques. Nous existons depuis 2009. Install\u00e9s au Nord Est de l&rsquo;Anjou, \u00e0 proximit\u00e9 de la Sarthe. Sp\u00e9cialis\u00e9s dans la sous-traitance, nous intervenons sur des projets en lien avec des industries exigeantes sur des crit\u00e8res qualit\u00e9. Nous sommes une entreprise \u00e0 taille humaine et \u00e0 votre service. [&hellip;]<\/p>\n","protected":false},"author":1,"featured_media":0,"parent":0,"menu_order":0,"comment_status":"closed","ping_status":"closed","template":"fullwidth-page.php","meta":{"_themeisle_gutenberg_block_has_review":false,"footnotes":""},"class_list":["post-54","page","type-page","status-publish","hentry"],"_links":{"self":[{"href":"https:\/\/www.ac-tronic.com\/index.php\/wp-json\/wp\/v2\/pages\/54","targetHints":{"allow":["GET"]}}],"collection":[{"href":"https:\/\/www.ac-tronic.com\/index.php\/wp-json\/wp\/v2\/pages"}],"about":[{"href":"https:\/\/www.ac-tronic.com\/index.php\/wp-json\/wp\/v2\/types\/page"}],"author":[{"embeddable":true,"href":"https:\/\/www.ac-tronic.com\/index.php\/wp-json\/wp\/v2\/users\/1"}],"replies":[{"embeddable":true,"href":"https:\/\/www.ac-tronic.com\/index.php\/wp-json\/wp\/v2\/comments?post=54"}],"version-history":[{"count":9,"href":"https:\/\/www.ac-tronic.com\/index.php\/wp-json\/wp\/v2\/pages\/54\/revisions"}],"predecessor-version":[{"id":122,"href":"https:\/\/www.ac-tronic.com\/index.php\/wp-json\/wp\/v2\/pages\/54\/revisions\/122"}],"wp:attachment":[{"href":"https:\/\/www.ac-tronic.com\/index.php\/wp-json\/wp\/v2\/media?parent=54"}],"curies":[{"name":"wp","href":"https:\/\/api.w.org\/{rel}","templated":true}]}}